- 24. Suppose 0 = j - 2*w + 15, 0 = -j - 3*j + w - 39. What are the prime factors of m(j)?
3, 43
Let v be ((-6)/8)/(6/(-24)). Suppose -4*q + v*q = 0. Suppose g - 22 = y - q*y, -y - 42 = -2*g. What are the prime factors of g?
2, 5
Let y(r) = 2*r + 15. Let w be y(-6). Suppose 2*s + s - 4*b = 169, w*b - 330 = -5*s. What are the prime factors of s?
3, 7
Let r = 2 + -8. Let u be (-1 + 2)/((-2)/r). Suppose 0 = u*d - 76 - 20. What are the prime factors of d?
2
Let k = -2188 - -4856. List the prime factors of k.
2, 23, 29
Suppose 0 = -3*w + 29 + 544. What are the prime factors of w?
191
Let k(o) = 4*o - 4. Let r be k(8). Let v be (-16)/r - 678/14. Let t = v + 70. What are the prime factors of t?
3, 7
Suppose 3*v + z = -55, -5*v + 6*z - 2*z = 86. List the prime factors of (v/5)/(9/(-270)).
2, 3
Suppose 0 = -j + 3*r - 2, -4*j = 4*r + 10 + 14. Let x(p) = 2*p**2 + 4*p + 16. What are the prime factors of x(j)?
2, 23
Suppose 5*x = -2*j - 48, -5*j + 20 = -4*x - x. Let p(i) = i**2 + 8*i - 3. Let c be p(x). List the prime factors of 25 - (11 + c)/2.
3, 7
Let d(r) = 2*r**3 - 4*r**2 - 3. Suppose -4*u + 15 = -u. Let p(q) = q**2 - 4*q - 2. Let v be p(u). List the prime factors of d(v).
3, 5
Let g be 26/2 + 4 - 1. Let h = 5 + g. List the prime factors of ((-581)/h)/(1/(-3)).
83
Let k(n) = -n**3 - 6*n**2 - 9*n - 8. List the prime factors of k(-9).
2, 79
Let h = 5 + -5. Suppose 4*k + 18 + 2 = h, 15 = t - 2*k. Let w = t - -3. What are the prime factors of w?
2
Suppose 2*x = 7*x. Suppose 4 = k - x. Suppose 3*o + 3*j = 6, -o + j = -k*j - 20. List the prime factors of o.
5
Let m(i) = i**2 + 3. Let t be m(0). Suppose t*q = -q, -3*w + 2*q + 312 = 0. Suppose 4*s + s - 3*f = w, 4*s + 2*f = 92. List the prime factors of s.
2, 11
Let c(h) = 808*h - 2. Let k be c(1). Let u = k - 569. What are the prime factors of u?
3, 79
List the prime factors of 3196 + (18/27 - (-42)/18).
7, 457
List the prime factors of (30/(-50))/(1/(-3480)).
2, 3, 29
Let x be (-56)/(-8)*(-1 - 5). Let k be (16/6)/((-28)/x). Suppose 24 = k*g + 2*g. List the prime factors of g.
2
Suppose 5*k = -s + 4419 + 9388, -k = 3*s - 2753. What are the prime factors of k?
2, 1381
Suppose 3*z - 58 = -5*t - 252, 0 = -4*z + t - 297. Suppose 0 = -4*l - l + 3*c - 637, 3 = -3*c. Let b = z - l. List the prime factors of b.
5, 11
Let c(m) = -10 - 26 + 24 + 16*m. List the prime factors of c(6).
2, 3, 7
Let j be 3 - (27 + -4) - -1. Let o = 17 + j. List the prime factors of 1 - o*236/8.
2, 3, 5
Let y be (-86 - 0)*(-1 + 9/(-6)). Let n = -119 + y. What are the prime factors of n?
2, 3
Let y(p) = p - 4. Let h be y(6). Suppose 6 = -2*b, -5*n + 174 = h*b - 5*b. List the prime factors of n.
3, 11
Suppose c - t = 37, -4*t = -4*c + t + 150. Let g be 64/(-24) - (-14)/(-42). What are the prime factors of -3 + (g - -2) + c?
31
Let g be 10/(-4)*(-5)/(25/188). Suppose -u + 91 = 4*h - g, 235 = 5*h + 5*u. What are the prime factors of h?
2, 23
Suppose -13*h + 18142 + 214 = 0. List the prime factors of h.
2, 353
Suppose 12*b + 1356 = 13980. What are the prime factors of b?
2, 263
Suppose 3*f - 15 = 21. Suppose l - 20 + f = 0. List the prime factors of (-72)/(-7) - l/28.
2, 5
Let z = -1 + 5. Suppose -10 = 2*h - f, 5*f = -z*h + 2*h + 14. Let s = h + 28. What are the prime factors of s?
5
Let y = 67 - 60. Let h = 33 - y. What are the prime factors of h?
2, 13
Suppose 0 = 4*x + 2*x - 108. Let z = -8 + x. List the prime factors of z.
2, 5
Suppose 4*f + 262 = -0*n + 5*n, -2*f - 116 = 5*n. Let i = 57 - f. Suppose 24 = -4*t + i. What are the prime factors of t?
2, 3
Suppose i = -3*m + 842, -i + 717 + 125 = -3*m. What are the prime factors of i?
2, 421
Suppose -2*h + h - 4*l = -14, h + l = 5. Suppose p = -3*m + 4, -m - h*m - 4*p + 7 = 0. What are the prime factors of ((-1)/m)/(8/(-384))?
2, 3
Let k(b) = -b**2 - 21*b + 20. Let l be k(-18). Let h = l + -11. List the prime factors of h.
3, 7
What are the prime factors of 2/(-4) - 16929/(-54)?
313
Suppose -6*h - 388 = -2*h + 5*f, -2*h + 2*f = 212. What are the prime factors of (3/2)/((-17)/h)?
3
Let m(c) = -c**2 + 11*c - 15. Let p be m(10). Let w = p + 35. What are the prime factors of w?
2, 3, 5
Let n(g) = g**2 - 6*g - 33. List the prime factors of n(22).
11, 29
Suppose 2*p = 17*p - 43950. List the prime factors of p.
2, 5, 293
Let f = 131 - 76. List the prime factors of f.
5, 11
Suppose 3*o + y - 4246 = 0, 421*o - 7082 = 416*o + y. What are the prime factors of o?
2, 3, 59
Suppose 13*s - 17*s + 1044 = 0. What are the prime factors of 8 + -10 - 1*s*-1?
7, 37
Let c = -1209 - -2002. List the prime factors of c.
13, 61
What are the prime factors of (-24 + 10455/30)/((-2)/(-4))?
11, 59
Suppose -3*z + 2202 = -3*c - 936, 2*z - 2087 = -3*c. What are the prime factors of z?
5, 11, 19
Suppose h = -s + 605, -s = 15*h - 19*h - 605. What are the prime factors of s?
5, 11
Suppose 36*k + 11518 = 38950. What are the prime factors of k?
2, 3, 127
Let m(v) = v**2 - 5*v**2 + 4*v**2 + 9*v + v**2. Let w be m(-9). Suppose -5*b + 0*b + 75 = w. What are the prime factors of b?
3, 5
Let s(d) = d**3 - 16*d**2 + 17*d - 22. Let y be s(15). Let h = -1 - -4. Suppose -4*a + y*z - 3*z = -122, h*a - 2*z = 88. List the prime factors of a.
2, 7
Suppose l - 4*n + 214 = -0*n, 4*l - n = -886. What are the prime factors of (-2)/(-8) + l/(-8)?
2, 7
Let t be 480/2 + 0/2. Suppose 5*x - t = 5*z, 4*z - 10 + 159 = 3*x. What are the prime factors of x?
43
Let j = -342 + 494. What are the prime factors of j?
2, 19
Let n be 5/(-2)*32/(-20). Suppose 5*l - 3*o = 0, -5*o = -l - 8*o + 18. Suppose -2*b - 4*r = -66, n*b - l*r = 6*b - 62. What are the prime factors of b?
5
Let k(z) = 2*z - 21. Let r be k(9). List the prime factors of (-588)/9*r/2.
2, 7
Let z = -85 - -95. List the prime factors of z.
2, 5
Suppose 0 = -4*t - 5*n + 30, 5*t - 3*n + 5*n - 29 = 0. Let a(y) = 7*y**2 - 8*y + 3. What are the prime factors of a(t)?
2, 3, 23
Let a(k) = k**3 + 10*k**2 - 12*k - 5. Let r be a(-11). Let l be -1*1*r/6. What are the prime factors of ((2 - l)*-19)/(-1)?
3, 19
Let n(a) = a**2 + 10*a + 6. Let b be n(-10). Let d be (21/2)/((-5)/(-10)). Suppose -5*k = -d + b. What are the prime factors of k?
3
Let y(h) = 6*h - 3. Let t be y(2). Let s(k) = -4*k**2 - 6*k + 2. Let d be s(-2). List the prime factors of (5 + d)*15/t.
5
Suppose -24*u + 632 = -20*u. Let w = 446 - u. List the prime factors of w.
2, 3
Let r(v) be the first derivative of -3*v**2 + 52*v + 7. List the prime factors of r(-5).
2, 41
What are the prime factors of (3*(-2036)/(-15))/((-30)/(-75))?
2, 509
Let h be 3 - -10*(-1)/(-2). Suppose 4*l - 2*x = 72, 4*l + h = 5*x + 86. Suppose -5*m = 25, 5*m + 84 = 4*w - l. What are the prime factors of w?
19
Let b(y) = -8*y - 30. Let w = -11 + 4. List the prime factors of b(w).
2, 13
Let o be (-30)/(-6)*2*(-3)/(-10). Suppose -158 = -o*i + 220. List the prime factors of i.
2, 3, 7
Let y be (66/4)/(6/(-8)). Let f = 4 - y. List the prime factors of f.
2, 13
Let m(l) = 2*l - 2. Suppose -4*v + 90 = 6*v. List the prime factors of m(v).
2
Let m = 242 - 64. List the prime factors of m.
2, 89
Let p be (-2)/4 - (-6)/(-36)*-3. What are the prime factors of p - 4/16 - 418/(-8)?
2, 13
Let g = 4878 - -419. What are the prime factors of g?
5297
Let h = 132 + -96. Suppose -a + 10 = -h. What are the prime factors of a?
2, 23
What are the prime factors of 11/(11/2) + 688?
2, 3, 5, 23
Suppose 32*w - 14472 = 5*w. List the prime factors of w.
2, 67
Suppose -5*i = -2*v + 83, 4*i + 4*v + 57 + 15 = 0. Let w = -17 - i. Let u = 13 + w. List the prime factors of u.
13
Let w be 1998/10 - 3/(-15). Suppose w = -3*g + 8*g. What are the prime factors of g?
2, 5
Let k(i) = -i + 3. Let s be k(-2). Let h(d) = -d**3 + 6*d**2 + 4*d + 2. List the prime factors of h(s).
47
Let t be (-2)/(1*-4)*6. Suppose t*q - 12 = -y + 2, -32 = -4*q - 4*y. Suppose -q*s - s + 72 = 0. List the prime factors of s.
2, 3
Suppose -17*r + 144 = -859. What are the prime factors of r?
59
Let x(b) be the second derivative of -1/20*b**5 - 3*b - b**3 + 5/2*b**2 + 0 - 5/12*b**4. What are the prime factors of x(-5)?
5, 7
Suppose -2*g + 3417 = 5*d, -g - 3*d - 3425 = -3*g. List the prime factors of g.
29, 59
List the prime factors of 118*(-10)/16*-24.
2, 3, 5, 59
Suppose 6*q + 8*q = -1680. Let y = 306 + q. What are the prime factors of y?
2,